{"id":91,"date":"2012-02-11T11:18:46","date_gmt":"2012-02-11T10:18:46","guid":{"rendered":"http:\/\/buermeyer.de\/wp\/?page_id=91"},"modified":"2020-07-31T10:15:17","modified_gmt":"2020-07-31T09:15:17","slug":"talks","status":"publish","type":"page","link":"https:\/\/buermeyer.de\/ulf\/talks\/","title":{"rendered":"Interviews, Vorlesungen und Vortr\u00e4ge"},"content":{"rendered":"<ul>\n<li>&#8220;<a href=\"http:\/\/lagedernation.org\/\" target=\"_blank\" rel=\"noopener\">Lage der Nation<\/a>&#8220;, w\u00f6chentlicher Politik-Podcast (gemeinsam mit dem Journalisten <a href=\"http:\/\/philipbanse.de\/wp\/uber-mich\/\" target=\"_blank\" rel=\"noopener\">Philip Banse<\/a>)<\/li>\n<li>&#8220;Telekommunikationsrecht, IT-Sicherheit und Datenschutz&#8221; &#8211; Gastvorlesung an der TU Dortmund, 9. Juli 2020<\/li>\n<li>Gastvorlesung im Strafprozessrecht an der Freien Universit\u00e4t Berlin, 6. Januar 2020<\/li>\n<li>&#8220;<a href=\"https:\/\/media.ccc.de\/v\/36c3-11217-finfisher_verklagen\" target=\"_blank\" rel=\"noopener\">Finfisher verklagen<\/a> &#8211;\u00a0Rechtsbr\u00fcche beim Export von \u00dcberwachungssoftware&#8221;, Vortrag auf dem 36.\u00a0Chaos Communication Congress des CCC (mit Thorsten Schr\u00f6der) &#8211; 29. Dezember 2019<\/li>\n<li>Gastvorlesung im Strafprozessrecht an der Freien Universit\u00e4t Berlin, 15. Januar 2019<\/li>\n<li>&#8220;<a href=\"https:\/\/media.ccc.de\/v\/35c3-9973-freedom_needs_fighters\" target=\"_blank\" rel=\"noopener\">Freedom needs fighters<\/a>! &#8211;\u00a0Wie die GFF mit strategischen Klagen f\u00fcr Freiheitsrechte k\u00e4mpft&#8221; &#8211;\u00a0Vortrag auf dem 35.\u00a0Chaos Communication Congress des CCC (mit Nora Markard) &#8211; 29. Dezember 2018<\/li>\n<li>&#8220;<a href=\"https:\/\/media.ccc.de\/v\/35c3-9972-funkzellenabfrage_die_alltagliche_rasterfahndung_unserer_handydaten\" target=\"_blank\" rel=\"noopener\">Funkzellenabfrage: Die allt\u00e4gliche Rasterfahndung unserer Handydaten<\/a>&#8221;<br \/>\n&#8211;\u00a0Vortrag auf dem 35.\u00a0Chaos Communication Congress des CCC (mit Andre Meister) &#8211; 29. Dezember 2018<\/li>\n<li>Die <a href=\"https:\/\/media.ccc.de\/v\/np14-29-die_lage_der_nation_live_bei_das_ist_netzpolitik\" target=\"_blank\" rel=\"noopener\">Lage der Nation live<\/a> bei &#8220;Das ist Netzpolitik!&#8221; &#8211; 22. September 2018 (mit Philip Banse)<\/li>\n<li>Gastvorlesung zur Telekommunikations\u00fcberwachung beim Bundeskriminalamt, 14. November 2017<\/li>\n<li>&#8220;Sp\u00e4hende Pferde, soziale News und Freundeskrieger&#8221; &#8211; <a href=\"http:\/\/breitband.deutschlandradiokultur.de\/brb160227\/\" target=\"_blank\" rel=\"noopener\">Interview mit Deutschlandradio Kultur<\/a>, 27. Februar 2016<\/li>\n<li>&#8220;Wenn der Staat sich in den Rechner schleicht&#8221;: <a href=\"http:\/\/www.deutschlandfunk.de\/der-neue-bundes-trojaner-wenn-der-staat-sich-in-den-rechner.2011.de.html?dram:article_id=346469\" target=\"_blank\" rel=\"noopener\">&#8220;Zur Diskussion&#8221; im Deutschlandfunk<\/a> &#8211; 24. Februar 2016<\/li>\n<li>Interview f\u00fcr den Podcast <a href=\"http:\/\/viertausendhertz.de\/ef01\/\" target=\"_blank\" rel=\"noopener\">&#8220;Elementarfragen&#8221;<\/a> von Nicolas Semak &#8211; 25. Januar 2016<\/li>\n<li>Stellungnahme vor dem <a href=\"https:\/\/www.bundestag.de\/presse\/hib\/2015-12\/-\/399196\" target=\"_blank\" rel=\"noopener\">Wirtschaftsausschuss des Deutschen Bundestages<\/a> zur Reform des Telemediengesetzes (Abschaffung der sog. St\u00f6rerhaftung f\u00fcr WLAN-Betreiber) &#8211; 16. Dezember 2015<\/li>\n<li>&#8220;Journalistischer Quellenschutz im Strafprozess&#8221; &#8211; Gastvorlesung an der TU Dortmund, 21. Januar 2015<\/li>\n<li>Stellungnahme vor dem <a href=\"https:\/\/www.offenenetze.de\/2015\/10\/05\/freie-wlan-hotspots-in-hessen-anhoerung-im-landtag-hessen-am-12-11-2015\/\" target=\"_blank\" rel=\"noopener\">Wirtschaftsausschuss des Hessischen Landtages<\/a> zum Thema &#8220;Freie Hotspots f\u00fcr Hessen&#8221; &#8211; 12. November 2015<\/li>\n<li><a href=\"https:\/\/www.youtube.com\/watch?v=nHsOOJyLNAU&amp;feature=youtu.be&amp;t=2h47m13s\" target=\"_blank\" rel=\"noopener\">Stellungnahme<\/a> vor dem Google Advisory Committee on the Right to be Forgotten &#8211; 14. Oktober 2014 (<a href=\"http:\/\/buermeyer.de\/wp\/wp-content\/uploads\/2012\/02\/Report-of-the-Advisory-Committee-to-Google-on-the-Right-to-be-Forgotten.pdf\" target=\"_blank\" rel=\"noopener\">Abschlussbericht<\/a>)<\/li>\n<li>Stellungnahme im Rahmen einer Experten-Anh\u00f6rung des Bundesministerums des Inneren zur Datenschutz-Grundverordnung &#8211; 2. Oktober 2014 (<a href=\"http:\/\/politik-digital.de\/datenschutz-und-meinungsfreiheit-zwei-unvereinbare-gegensaetze\" target=\"_blank\" rel=\"noopener\">Bericht bei politik-digital.de<\/a>)<\/li>\n<li>Gast im Podcast &#8220;K\u00fcchenradio&#8221;, <a href=\"http:\/\/www.kuechenstud.io\/kuechenradio\/episode\/kr378-mythos-usa\/\" target=\"_blank\" rel=\"noopener\">Folge 378: &#8220;Mythos USA&#8221;<\/a><\/li>\n<li>&#8220;Speech at scale&#8221; &#8211; <a href=\"http:\/\/youtu.be\/1gSTwaYVERo?t=1m31s\" target=\"_blank\" rel=\"noopener\">Interview mit Richard Allen<\/a>, dem PR-Chef von Facebook f\u00fcr Europa, zu Datenschutz und Zensur (im Rahmen der <a href=\"http:\/\/13.re-publica.de\/sessions\/speech-scale\" target=\"_blank\" rel=\"noopener\">re:publica &#8217;13)<\/a><\/li>\n<li><a href=\"http:\/\/events.ccc.de\/congress\/2012\/Fahrplan\/events\/5380.en.html\" target=\"_blank\" rel=\"noopener\">Trojaner-Blindflug &#8211; Spionage-Software von Staats wegen<\/a>. Vortrag auf dem 29. Chaos Communication Congress des CCC (mit Constanze Kurz) &#8211; 28. Dezember 2012<\/li>\n<li><a href=\"http:\/\/events.ccc.de\/congress\/2012\/Fahrplan\/events\/5102.en.html\" target=\"_blank\" rel=\"noopener\">Netzaktivisten! Ist das alles was wir drauf haben?<\/a> Eine subjektive Bestandsaufnahme der Arbeit des Digitale Gesellschaft e.V. &#8211; Vortrag auf dem 29. Chaos Communication Congress des CCC (mit Markus Beckedahl &amp; Linus Neumann) &#8211; 27. Dezember 2012<\/li>\n<li>m\u00fcndliche Stellungnahme im <a href=\"http:\/\/www.parlament-berlin.de\/pari\/web\/wdefault.nsf\/vHTML\/C16-00090?OpenDocument\" target=\"_blank\" rel=\"noopener\">Rechtsausschuss des Berliner Abgeordnetenhauses<\/a> zur verfassungsrechtlichen Bewertung der sogenannten <a href=\"http:\/\/dejure.org\/gesetze\/StPO\/100g.html\" target=\"_blank\" rel=\"noopener\">Funkzellenabfragen<\/a> im Land Berlin (<a href=\"http:\/\/www.parlament-berlin.de\/ados\/17\/Recht\/protokoll\/r17-016-wp.pdf\" target=\"_blank\" rel=\"noopener\">Wortprotokoll als PDF<\/a>) &#8211; 5. Dezember 2012<\/li>\n<li>Cybercrime, Trojaner, Online-Durchsuchung: Grundrechtliche Probleme bei der Bek\u00e4mpfung von Gefahren und Verbrechen im Internet. Vortrag im Rahmen des <a href=\"http:\/\/www.bmj.de\/DE\/Home\/_doc\/kurzmeldungen\/20120622_Fachgespraeche_zur_Freiheit_im_digitalen_Zeitalter.html?nn=1356288\" target=\"_blank&quot;\">deutsch-amerikanischen Rechtsdialoges<\/a> auf Einladung der <a href=\"http:\/\/www.bmj.bund.de\" target=\"_blank\" rel=\"noopener\">Bundesministerin der Justiz<\/a> sowie des <a href=\"http:\/\/www.justice.gov\/ag\/\" target=\"_blank&quot;\">Attorney General of the United States<\/a> (20. Juni 2012).<\/li>\n<li>Rechtliche und technische Fragen der sog. Quellen-Telekommunikations\u00fcberwachung. Vortrag im Rahmen einer internen Experten-Anh\u00f6rung des <a href=\"http:\/\/www.bmj.de\" target=\"_blank\" rel=\"noopener\">Bundesministeriums der Justiz<\/a> (1. Februar 2012)<\/li>\n<li>Effektiver Rechtsschutz und Datenschutz im Strafvollzug. Gastvorlesung im Rahmen der Vorlesung Strafvollzugsrecht von <a href=\"http:\/\/www.jura.uni-passau.de\/beulke.html\" target=\"_blank\" rel=\"noopener\">Prof. Dr. Jochen Bung<\/a>, Universit\u00e4t Passau (31. Januar 2012)<\/li>\n<li><a href=\"http:\/\/events.ccc.de\/congress\/2011\/Fahrplan\/events\/4901.en.html\" target=\"_blank\" rel=\"noopener\">Der Staatstrojaner<\/a>. Vortrag auf dem 28. Chaos Communication Congress des CCC (mit Constanze Kurz, Frank Rieger und #0zapfths (27. Dezember 2012)<\/li>\n<li>Gast im Podcast &#8220;K\u00fcchenradio&#8221;, <a href=\"http:\/\/www.kuechenstud.io\/kuechenradio\/episode\/kr305-staatstrojaner\/\" target=\"_blank\" rel=\"noopener\">Folge 305: &#8220;Staatstrojaner&#8221;<\/a><\/li>\n<li>Das Arbeitsfeld des Strafrichters. Gastvorlesung im Rahmen der Vorlesung Strafprozessrecht an der Humboldt-Universit\u00e4t zu Berlin (8. November 2011)<\/li>\n<li>IT-Kriminalistik und Grundgesetz &#8211; Auswirkungen der aktuellen Rechtsprechung des BVerfG insbesondere zum &#8220;IT-Grundrecht&#8221; auf die Praxis. Vortrag im Rahmen einer internen Tagung des Bundeskriminalamts (3. Mai 2011)<\/li>\n<li>Das &#8220;IT-Grundrecht&#8221; im Strafprozess. Vortrag auf dem <a href=\"http:\/\/www.edvgt.de\/pages\/5.-19.-deutscher-edv-gerichtstag\/18.-deutscher-edv-gerichtstag\/programm.php\" target=\"_blank\" rel=\"noopener\">18. EDV-Gerichtstag 2009<\/a> (24. September 2009)<\/li>\n<li>Das Internet ist kein rechtsfreier Raum &#8211; \u00fcber Sinn und Unsinn von WWW-Sperren zur Bek\u00e4mpfung von Kinderpornografie. Vortrag an der Universit\u00e4t Heidelberg (25. Mai 2009)<\/li>\n<li>Wann darf der Staat in den Computer? Verfassungsrechtliche Grenzen der Online-Durchsuchung. Vortrag auf dem Symposium der Landesbeauftragten f\u00fcr Datenschutz und Informationsfreiheit des Landes Nordrhein-Westfalen (18. Oktober 2007) &#8211; <a href=\"https:\/\/www.ldi.nrw.de\/mainmenu_Service\/submenu_Tagungsbaende\/Inhalt\/2007_Persoenlichkeit_im_Netz\/Persoenlichkeit_im_Netz1.pdf\">Tagungsband (PDF)<\/a><\/li>\n<li>Die Online-Durchsuchung &#8211; technischer Hintergrund und verfassungsrechtliche Grenzen. Vortrag auf der <a href=\"http:\/\/www.dsri.de\/presse\/presse.html#pressemitteilung_cr_05_2008\" target=\"_blank\" rel=\"noopener\">Herbstakademie<\/a> der <a href=\"http:\/\/www.dsri.de\/\" target=\"_blank\" rel=\"noopener\">Deutschen Stiftung f\u00fcr Recht und Informatik<\/a> (September 2007)<\/li>\n<\/ul>\n","protected":false},"excerpt":{"rendered":"<p>&#8220;Lage der Nation&#8220;, w\u00f6chentlicher Politik-Podcast (gemeinsam mit dem Journalisten Philip Banse) &#8220;Telekommunikationsrecht, IT-Sicherheit und Datenschutz&#8221; &#8211; Gastvorlesung an der TU Dortmund, 9. Juli 2020 Gastvorlesung im Strafprozessrecht an der Freien Universit\u00e4t Berlin, 6. Januar 2020 &#8220;Finfisher verklagen &#8211;\u00a0Rechtsbr\u00fcche beim Export &hellip; <a href=\"https:\/\/buermeyer.de\/ulf\/talks\/\">Continue reading <span class=\"meta-nav\">&rarr;<\/span><\/a><\/p>\n","protected":false},"author":1,"featured_media":0,"parent":0,"menu_order":4,"comment_status":"closed","ping_status":"closed","template":"","meta":[],"_links":{"self":[{"href":"https:\/\/buermeyer.de\/ulf\/wp-json\/wp\/v2\/pages\/91"}],"collection":[{"href":"https:\/\/buermeyer.de\/ulf\/wp-json\/wp\/v2\/pages"}],"about":[{"href":"https:\/\/buermeyer.de\/ulf\/wp-json\/wp\/v2\/types\/page"}],"author":[{"embeddable":true,"href":"https:\/\/buermeyer.de\/ulf\/wp-json\/wp\/v2\/users\/1"}],"replies":[{"embeddable":true,"href":"https:\/\/buermeyer.de\/ulf\/wp-json\/wp\/v2\/comments?post=91"}],"version-history":[{"count":54,"href":"https:\/\/buermeyer.de\/ulf\/wp-json\/wp\/v2\/pages\/91\/revisions"}],"predecessor-version":[{"id":351,"href":"https:\/\/buermeyer.de\/ulf\/wp-json\/wp\/v2\/pages\/91\/revisions\/351"}],"wp:attachment":[{"href":"https:\/\/buermeyer.de\/ulf\/wp-json\/wp\/v2\/media?parent=91"}],"curies":[{"name":"wp","href":"https:\/\/api.w.org\/{rel}","templated":true}]}}

Interviews, Vorlesungen und Vorträge

<ul>
<li>&#8220;<a href="http://lagedernation.org/" target="_blank" rel="noopener">Lage der Nation</a>&#8220;, wöchentlicher Politik-Podcast (gemeinsam mit dem Journalisten <a href="http://philipbanse.de/wp/uber-mich/" target="_blank" rel="noopener">Philip Banse</a>)</li>
<li>&#8220;Telekommunikationsrecht, IT-Sicherheit und Datenschutz&#8221; &#8211; Gastvorlesung an der TU Dortmund, 9. Juli 2020</li>
<li>Gastvorlesung im Strafprozessrecht an der Freien Universität Berlin, 6. Januar 2020</li>
<li>&#8220;<a href="https://media.ccc.de/v/36c3-11217-finfisher_verklagen" target="_blank" rel="noopener">Finfisher verklagen</a> &#8211; Rechtsbrüche beim Export von Überwachungssoftware&#8221;, Vortrag auf dem 36. Chaos Communication Congress des CCC (mit Thorsten Schröder) &#8211; 29. Dezember 2019</li>
<li>Gastvorlesung im Strafprozessrecht an der Freien Universität Berlin, 15. Januar 2019</li>
<li>&#8220;<a href="https://media.ccc.de/v/35c3-9973-freedom_needs_fighters" target="_blank" rel="noopener">Freedom needs fighters</a>! &#8211; Wie die GFF mit strategischen Klagen für Freiheitsrechte kämpft&#8221; &#8211; Vortrag auf dem 35. Chaos Communication Congress des CCC (mit Nora Markard) &#8211; 29. Dezember 2018</li>
<li>&#8220;<a href="https://media.ccc.de/v/35c3-9972-funkzellenabfrage_die_alltagliche_rasterfahndung_unserer_handydaten" target="_blank" rel="noopener">Funkzellenabfrage: Die alltägliche Rasterfahndung unserer Handydaten</a>&#8221;<br />
&#8211; Vortrag auf dem 35. Chaos Communication Congress des CCC (mit Andre Meister) &#8211; 29. Dezember 2018</li>
<li>Die <a href="https://media.ccc.de/v/np14-29-die_lage_der_nation_live_bei_das_ist_netzpolitik" target="_blank" rel="noopener">Lage der Nation live</a> bei &#8220;Das ist Netzpolitik!&#8221; &#8211; 22. September 2018 (mit Philip Banse)</li>
<li>Gastvorlesung zur Telekommunikationsüberwachung beim Bundeskriminalamt, 14. November 2017</li>
<li>&#8220;Spähende Pferde, soziale News und Freundeskrieger&#8221; &#8211; <a href="http://breitband.deutschlandradiokultur.de/brb160227/" target="_blank" rel="noopener">Interview mit Deutschlandradio Kultur</a>, 27. Februar 2016</li>
<li>&#8220;Wenn der Staat sich in den Rechner schleicht&#8221;: <a href="http://www.deutschlandfunk.de/der-neue-bundes-trojaner-wenn-der-staat-sich-in-den-rechner.2011.de.html?dram:article_id=346469" target="_blank" rel="noopener">&#8220;Zur Diskussion&#8221; im Deutschlandfunk</a> &#8211; 24. Februar 2016</li>
<li>Interview für den Podcast <a href="http://viertausendhertz.de/ef01/" target="_blank" rel="noopener">&#8220;Elementarfragen&#8221;</a> von Nicolas Semak &#8211; 25. Januar 2016</li>
<li>Stellungnahme vor dem <a href="https://www.bundestag.de/presse/hib/2015-12/-/399196" target="_blank" rel="noopener">Wirtschaftsausschuss des Deutschen Bundestages</a> zur Reform des Telemediengesetzes (Abschaffung der sog. Störerhaftung für WLAN-Betreiber) &#8211; 16. Dezember 2015</li>
<li>&#8220;Journalistischer Quellenschutz im Strafprozess&#8221; &#8211; Gastvorlesung an der TU Dortmund, 21. Januar 2015</li>
<li>Stellungnahme vor dem <a href="https://www.offenenetze.de/2015/10/05/freie-wlan-hotspots-in-hessen-anhoerung-im-landtag-hessen-am-12-11-2015/" target="_blank" rel="noopener">Wirtschaftsausschuss des Hessischen Landtages</a> zum Thema &#8220;Freie Hotspots für Hessen&#8221; &#8211; 12. November 2015</li>
<li><a href="https://www.youtube.com/watch?v=nHsOOJyLNAU&amp;feature=youtu.be&amp;t=2h47m13s" target="_blank" rel="noopener">Stellungnahme</a> vor dem Google Advisory Committee on the Right to be Forgotten &#8211; 14. Oktober 2014 (<a href="http://buermeyer.de/wp/wp-content/uploads/2012/02/Report-of-the-Advisory-Committee-to-Google-on-the-Right-to-be-Forgotten.pdf" target="_blank" rel="noopener">Abschlussbericht</a>)</li>
<li>Stellungnahme im Rahmen einer Experten-Anhörung des Bundesministerums des Inneren zur Datenschutz-Grundverordnung &#8211; 2. Oktober 2014 (<a href="http://politik-digital.de/datenschutz-und-meinungsfreiheit-zwei-unvereinbare-gegensaetze" target="_blank" rel="noopener">Bericht bei politik-digital.de</a>)</li>
<li>Gast im Podcast &#8220;Küchenradio&#8221;, <a href="http://www.kuechenstud.io/kuechenradio/episode/kr378-mythos-usa/" target="_blank" rel="noopener">Folge 378: &#8220;Mythos USA&#8221;</a></li>
<li>&#8220;Speech at scale&#8221; &#8211; <a href="http://youtu.be/1gSTwaYVERo?t=1m31s" target="_blank" rel="noopener">Interview mit Richard Allen</a>, dem PR-Chef von Facebook für Europa, zu Datenschutz und Zensur (im Rahmen der <a href="http://13.re-publica.de/sessions/speech-scale" target="_blank" rel="noopener">re:publica &#8217;13)</a></li>
<li><a href="http://events.ccc.de/congress/2012/Fahrplan/events/5380.en.html" target="_blank" rel="noopener">Trojaner-Blindflug &#8211; Spionage-Software von Staats wegen</a>. Vortrag auf dem 29. Chaos Communication Congress des CCC (mit Constanze Kurz) &#8211; 28. Dezember 2012</li>
<li><a href="http://events.ccc.de/congress/2012/Fahrplan/events/5102.en.html" target="_blank" rel="noopener">Netzaktivisten! Ist das alles was wir drauf haben?</a> Eine subjektive Bestandsaufnahme der Arbeit des Digitale Gesellschaft e.V. &#8211; Vortrag auf dem 29. Chaos Communication Congress des CCC (mit Markus Beckedahl &amp; Linus Neumann) &#8211; 27. Dezember 2012</li>
<li>mündliche Stellungnahme im <a href="http://www.parlament-berlin.de/pari/web/wdefault.nsf/vHTML/C16-00090?OpenDocument" target="_blank" rel="noopener">Rechtsausschuss des Berliner Abgeordnetenhauses</a> zur verfassungsrechtlichen Bewertung der sogenannten <a href="http://dejure.org/gesetze/StPO/100g.html" target="_blank" rel="noopener">Funkzellenabfragen</a> im Land Berlin (<a href="http://www.parlament-berlin.de/ados/17/Recht/protokoll/r17-016-wp.pdf" target="_blank" rel="noopener">Wortprotokoll als PDF</a>) &#8211; 5. Dezember 2012</li>
<li>Cybercrime, Trojaner, Online-Durchsuchung: Grundrechtliche Probleme bei der Bekämpfung von Gefahren und Verbrechen im Internet. Vortrag im Rahmen des <a href="http://www.bmj.de/DE/Home/_doc/kurzmeldungen/20120622_Fachgespraeche_zur_Freiheit_im_digitalen_Zeitalter.html?nn=1356288" target="_blank&quot;">deutsch-amerikanischen Rechtsdialoges</a> auf Einladung der <a href="http://www.bmj.bund.de" target="_blank" rel="noopener">Bundesministerin der Justiz</a> sowie des <a href="http://www.justice.gov/ag/" target="_blank&quot;">Attorney General of the United States</a> (20. Juni 2012).</li>
<li>Rechtliche und technische Fragen der sog. Quellen-Telekommunikationsüberwachung. Vortrag im Rahmen einer internen Experten-Anhörung des <a href="http://www.bmj.de" target="_blank" rel="noopener">Bundesministeriums der Justiz</a> (1. Februar 2012)</li>
<li>Effektiver Rechtsschutz und Datenschutz im Strafvollzug. Gastvorlesung im Rahmen der Vorlesung Strafvollzugsrecht von <a href="http://www.jura.uni-passau.de/beulke.html" target="_blank" rel="noopener">Prof. Dr. Jochen Bung</a>, Universität Passau (31. Januar 2012)</li>
<li><a href="http://events.ccc.de/congress/2011/Fahrplan/events/4901.en.html" target="_blank" rel="noopener">Der Staatstrojaner</a>. Vortrag auf dem 28. Chaos Communication Congress des CCC (mit Constanze Kurz, Frank Rieger und #0zapfths (27. Dezember 2012)</li>
<li>Gast im Podcast &#8220;Küchenradio&#8221;, <a href="http://www.kuechenstud.io/kuechenradio/episode/kr305-staatstrojaner/" target="_blank" rel="noopener">Folge 305: &#8220;Staatstrojaner&#8221;</a></li>
<li>Das Arbeitsfeld des Strafrichters. Gastvorlesung im Rahmen der Vorlesung Strafprozessrecht an der Humboldt-Universität zu Berlin (8. November 2011)</li>
<li>IT-Kriminalistik und Grundgesetz &#8211; Auswirkungen der aktuellen Rechtsprechung des BVerfG insbesondere zum &#8220;IT-Grundrecht&#8221; auf die Praxis. Vortrag im Rahmen einer internen Tagung des Bundeskriminalamts (3. Mai 2011)</li>
<li>Das &#8220;IT-Grundrecht&#8221; im Strafprozess. Vortrag auf dem <a href="http://www.edvgt.de/pages/5.-19.-deutscher-edv-gerichtstag/18.-deutscher-edv-gerichtstag/programm.php" target="_blank" rel="noopener">18. EDV-Gerichtstag 2009</a> (24. September 2009)</li>
<li>Das Internet ist kein rechtsfreier Raum &#8211; über Sinn und Unsinn von WWW-Sperren zur Bekämpfung von Kinderpornografie. Vortrag an der Universität Heidelberg (25. Mai 2009)</li>
<li>Wann darf der Staat in den Computer? Verfassungsrechtliche Grenzen der Online-Durchsuchung. Vortrag auf dem Symposium der Landesbeauftragten für Datenschutz und Informationsfreiheit des Landes Nordrhein-Westfalen (18. Oktober 2007) &#8211; <a href="https://www.ldi.nrw.de/mainmenu_Service/submenu_Tagungsbaende/Inhalt/2007_Persoenlichkeit_im_Netz/Persoenlichkeit_im_Netz1.pdf">Tagungsband (PDF)</a></li>
<li>Die Online-Durchsuchung &#8211; technischer Hintergrund und verfassungsrechtliche Grenzen. Vortrag auf der <a href="http://www.dsri.de/presse/presse.html#pressemitteilung_cr_05_2008" target="_blank" rel="noopener">Herbstakademie</a> der <a href="http://www.dsri.de/" target="_blank" rel="noopener">Deutschen Stiftung für Recht und Informatik</a> (September 2007)</li>
</ul>

<p>&#8220;Lage der Nation&#8220;, wöchentlicher Politik-Podcast (gemeinsam mit dem Journalisten Philip Banse) &#8220;Telekommunikationsrecht, IT-Sicherheit und Datenschutz&#8221; &#8211; Gastvorlesung an der TU Dortmund, 9. Juli 2020 Gastvorlesung im Strafprozessrecht an der Freien Universität Berlin, 6. Januar 2020 &#8220;Finfisher verklagen &#8211; Rechtsbrüche beim Export &hellip; <a href="https://buermeyer.de/ulf/talks/">Continue reading <span class="meta-nav">&rarr;</span></a></p>
